{"id":246,"date":"2018-03-28T08:44:29","date_gmt":"2018-03-28T08:44:29","guid":{"rendered":"http:\/\/www.grass-consulting.com\/?page_id=246"},"modified":"2018-06-04T08:07:26","modified_gmt":"2018-06-04T08:07:26","slug":"leistungen","status":"publish","type":"page","link":"https:\/\/www.grass-consulting.com\/?page_id=246","title":{"rendered":"Leistungen"},"content":{"rendered":"<div   data-size='featured_large'  data-lightbox_size='large'  data-animation='slide'  data-conditional_play=''  data-ids='248'  data-video_counter='0'  data-autoplay='false'  data-bg_slider='false'  data-slide_height=''  data-handle='av_slideshow'  data-interval='5'  data-class=' avia-builder-el-0  el_before_av_one_full  avia-builder-el-first  '  data-el_id=''  data-css_id=''  data-scroll_down=''  data-control_layout='av-control-default'  data-custom_markup=''  data-perma_caption=''  data-autoplay_stopper=''  data-image_attachment=''  data-min_height='0px'  data-lazy_loading='disabled'  data-default-height='42'  class='avia-slideshow avia-slideshow-1  av-control-default av-default-height-applied avia-slideshow-featured_large av_slideshow  avia-builder-el-0  el_before_av_one_full  avia-builder-el-first   avia-slide-slider '  itemprop=\"image\" itemscope=\"itemscope\" itemtype=\"https:\/\/schema.org\/ImageObject\" ><ul class='avia-slideshow-inner ' style='padding-bottom: 42%;' ><li  class=' av-single-slide slide-1 ' ><div data-rel='slideshow-1' class='avia-slide-wrap '   ><img decoding=\"async\" class=\"wp-image-248 avia-img-lazy-loading-not-248\"  src=\"https:\/\/www.grass-consulting.com\/wp-content\/uploads\/2018\/03\/WIA_9255-1500x630.jpg\" width=\"1500\" height=\"630\" title='WIA_9255' alt=''  itemprop=\"thumbnailUrl\"   \/><\/div><\/li><\/ul><\/div>\n<div class=\"flex_column av_one_full  flex_column_div av-zero-column-padding first  avia-builder-el-1  el_after_av_slideshow  el_before_av_one_half  \" style='border-radius:0px; '><p><div  style='padding-bottom:10px; ' class='av-special-heading av-special-heading-h1    avia-builder-el-2  el_before_av_textblock  avia-builder-el-first  '><h1 class='av-special-heading-tag '  itemprop=\"headline\"  >Leistungen<\/h1><div class='special-heading-border'><div class='special-heading-inner-border' ><\/div><\/div><\/div><br \/>\n<section class=\"av_textblock_section \"  itemscope=\"itemscope\" itemtype=\"https:\/\/schema.org\/CreativeWork\" ><div class='avia_textblock  '   itemprop=\"text\" ><p>Das Datacenter ist der zentrale Punkt meines Leistungsangebotes. Ich berate vornehmlich Provider und Nutzer von Rechenzentren, deren Zulieferer sowie Unternehmen, die komplexe ICT zu managen haben. Meine langj\u00e4hrigen und fundierten Erfahrungen als Kunde, Consultant, Sales, Juror und Auditor sind Basis meines Portfolios.<\/p>\n<p>Das ist mir wichtig in der Zusammenarbeit mit Kunden:<\/p>\n<ul>\n<li><strong>Kommunikation<\/strong>\u00a0\u2013 damit Sie und alle Beteiligten gemeinsame Ziele anstreben<\/li>\n<li><strong>Analyse<\/strong>\u00a0\u2013 damit Sie die Wirkungen erzielen, die Sie vorw\u00e4rts bringen<\/li>\n<li><strong>Methodisches Vorgehen<\/strong>\u00a0\u2013 damit Sie die Entwicklung verfolgen und die Ergebnisse nachvollziehen k\u00f6nnen<\/li>\n<li><strong>Partnernetzwerk<\/strong>\u00a0\u2013 damit Sie den Dienstleister erhalten, der zu Ihnen passt<\/li>\n<li><strong>Nachhaltigkeit<\/strong>\u00a0\u2013 damit Sie Ihre \u00f6kologischen, \u00f6konomischen und sozialen Unternehmensziele vorantreiben k\u00f6nnen<\/li>\n<li><strong>Service<\/strong>\u00a0\u2013 damit Sie auch in einer langj\u00e4hrigen Zusammenarbeit den richtigen Partner haben<\/li>\n<\/ul>\n<\/div><\/section><br \/>\n<div  style='padding-bottom:10px; color:#00686c;' class='av-special-heading av-special-heading-h3 custom-color-heading   avia-builder-el-4  el_after_av_textblock  avia-builder-el-last  '><h3 class='av-special-heading-tag '  itemprop=\"headline\"  >Meine Leistungsangebote und Blog-Aktivit\u00e4ten<\/h3><div class='special-heading-border'><div class='special-heading-inner-border' style='border-color:#00686c'><\/div><\/div><\/div><\/p><\/div>\n<div class=\"flex_column av_one_half  flex_column_div av-zero-column-padding first  avia-builder-el-5  el_after_av_one_full  el_before_av_one_half  column-top-margin\" style='border-radius:0px; '><article  class=\"iconbox iconbox_left    avia-builder-el-6  avia-builder-el-no-sibling  \"  itemscope=\"itemscope\" itemtype=\"https:\/\/schema.org\/CreativeWork\" ><div class=\"iconbox_content\"><header class=\"entry-content-header\"><a href='https:\/\/www.grass-consulting.com\/?page_id=199' title='Consulting'  class=\"iconbox_icon heading-color\" aria-hidden='true' data-av_icon='\ue83c' data-av_iconfont='entypo-fontello'  ><\/a><h3 class='iconbox_content_title  '  itemprop=\"headline\"  ><a href='https:\/\/www.grass-consulting.com\/?page_id=199' title='Consulting' >Consulting<\/a><\/h3><\/header><div class='iconbox_content_container  '  itemprop=\"text\"  ><p>Beratung ist in meinen Augen eine sehr facettenreiche Dienstleistung. Je nach Aufgabenstellung nimmt der Berater die unterschiedlichsten Rollen ein, wie etwa Prozessberater, Fachberater, Moderator, Coach, Strategieberater, Managementberater oder Experte. Wenn ich Kunden berate, ist es mir wichtig im Vorfeld zu kl\u00e4ren, welche Rolle zielf\u00fchrend ist. Unabh\u00e4ngigkeit, Objektivit\u00e4t, Vertraulichkeit, Normenkonformit\u00e4t, prozessorientiertes Denken und Handeln, Kompetenz und Qualit\u00e4t sind die Grundlage meiner Beratung. Sofern erforderlich greife ich bei bestimmten Leistungen auf mein Experten-Netzwerk zur\u00fcck.<\/p>\n<\/div><\/div><footer class=\"entry-footer\"><\/footer><\/article><\/div>\n<div class=\"flex_column av_one_half  flex_column_div av-zero-column-padding   avia-builder-el-7  el_after_av_one_half  el_before_av_one_half  column-top-margin\" style='border-radius:0px; '><article  class=\"iconbox iconbox_left    avia-builder-el-8  avia-builder-el-no-sibling  \"  itemscope=\"itemscope\" itemtype=\"https:\/\/schema.org\/CreativeWork\" ><div class=\"iconbox_content\"><header class=\"entry-content-header\"><a href='https:\/\/www.grass-consulting.com\/?page_id=195' title='Business Development'  class=\"iconbox_icon heading-color\" aria-hidden='true' data-av_icon='\ue8c7' data-av_iconfont='entypo-fontello'  ><\/a><h3 class='iconbox_content_title  '  itemprop=\"headline\"  ><a href='https:\/\/www.grass-consulting.com\/?page_id=195' title='Business Development' >Business Development<\/a><\/h3><\/header><div class='iconbox_content_container  '  itemprop=\"text\"  ><p>Unter Business Development verstehe ich die systematische Weiterentwicklung bestehender sowie die Erschlie\u00dfung neuer Gesch\u00e4ftsfelder. Im Kern geht es um die Identifikation von Markt- und Marketing-Chancen, die Analyse von Kunden und Mitbewerbern sowie die Entwicklung konkreter Gesch\u00e4ftsmodelle und Umsetzungsstrategien. Business Development kann nicht auf Standardverfahren reduziert werden, es erfordert Kreativit\u00e4t, vielf\u00e4ltige Erfahrung, umfangreiche Marktinformationen sowie alternative Perspektivenbetrachtungen. Durch die Einbindung eines Externen werden die internen Blickwinkel optimal erweitert.<\/p>\n<\/div><\/div><footer class=\"entry-footer\"><\/footer><\/article><\/div>\n<div class=\"flex_column av_one_half  flex_column_div av-zero-column-padding first  avia-builder-el-9  el_after_av_one_half  el_before_av_one_half  column-top-margin\" style='border-radius:0px; '><article  class=\"iconbox iconbox_left    avia-builder-el-10  avia-builder-el-no-sibling  \"  itemscope=\"itemscope\" itemtype=\"https:\/\/schema.org\/CreativeWork\" ><div class=\"iconbox_content\"><header class=\"entry-content-header\"><a href='https:\/\/www.grass-consulting.com\/?page_id=168' title='Sales- und Marketing-Services'  class=\"iconbox_icon heading-color\" aria-hidden='true' data-av_icon='\ue859' data-av_iconfont='entypo-fontello'  ><\/a><h3 class='iconbox_content_title  '  itemprop=\"headline\"  ><a href='https:\/\/www.grass-consulting.com\/?page_id=168' title='Sales- und Marketing-Services' >Sales- und Marketing-Services<\/a><\/h3><\/header><div class='iconbox_content_container  '  itemprop=\"text\"  ><p>Grunds\u00e4tzlich geht es darum, eine Leistung \u2013 Produkte, L\u00f6sungen, Konzepte, Services \u2013 zu vermarkten. Vertrieb und Marketing bedeutet f\u00fcr mich, die Anforderungen und Bed\u00fcrfnisse meines Gespr\u00e4chspartners zu erkennen, um ihm das Ergebnis zu liefern, das ihn bei der Erreichung seiner Ziele unterst\u00fctzt. Ich bin von Relationship Marketing im Datacenter Business \u00fcberzeugt und lade Sie gern ein, von meiner Networking-Kompetenz zu profitieren. Erfolgreiche Projekte erfordern Sales- und Marketing-Ma\u00dfnahmen \u2013 sowohl intern als auch extern!<\/p>\n<\/div><\/div><footer class=\"entry-footer\"><\/footer><\/article><\/div>\n<div class=\"flex_column av_one_half  flex_column_div av-zero-column-padding   avia-builder-el-11  el_after_av_one_half  el_before_av_one_half  column-top-margin\" style='border-radius:0px; '><article  class=\"iconbox iconbox_left    avia-builder-el-12  avia-builder-el-no-sibling  \"  itemscope=\"itemscope\" itemtype=\"https:\/\/schema.org\/CreativeWork\" ><div class=\"iconbox_content\"><header class=\"entry-content-header\"><div class=\"iconbox_icon heading-color\" aria-hidden='true' data-av_icon='\ue836' data-av_iconfont='entypo-fontello'  ><\/div><h3 class='iconbox_content_title  '  itemprop=\"headline\"  >Blog<\/h3><\/header><div class='iconbox_content_container  '  itemprop=\"text\"  ><p>In meinem Blog informiere ich Sie \u00fcber wichtige IT-Events und Awards. Dazu geh\u00f6ren Veranstaltungen, an denen ich als Speakerin bzw. Jurorin teilgenommen oder deren Formate ich selbst entwickelt habe.<\/p>\n<\/div><\/div><footer class=\"entry-footer\"><\/footer><\/article><\/div>\n<div class=\"flex_column av_one_half  flex_column_div av-zero-column-padding first  avia-builder-el-13  el_after_av_one_half  avia-builder-el-last  column-top-margin\" style='border-radius:0px; '><article  class=\"iconbox iconbox_left    avia-builder-el-14  avia-builder-el-no-sibling  \"  itemscope=\"itemscope\" itemtype=\"https:\/\/schema.org\/CreativeWork\" ><div class=\"iconbox_content\"><header class=\"entry-content-header\"><div class=\"iconbox_icon heading-color\" aria-hidden='true' data-av_icon='\ue857' data-av_iconfont='entypo-fontello'  ><\/div><h3 class='iconbox_content_title  '  itemprop=\"headline\"  ><a href='http:\/\/grass-events.com\/' title='Grass Events'  >Grass Events<\/a><\/h3><\/header><div class='iconbox_content_container  '  itemprop=\"text\"  ><p><strong>Brainfood statt Brezel<\/strong> ist mein Motto f\u00fcr innovative, informative, spannende und aktive Events, die ich f\u00fcr und mit der dcBranche entwickle. Aus meiner Sicht ein Part von Business Development. Informieren Sie sich auf der eigenen Webseite!<\/p>\n<\/div><\/div><footer class=\"entry-footer\"><\/footer><\/article><\/div>\n","protected":false},"excerpt":{"rendered":"","protected":false},"author":1,"featured_media":0,"parent":0,"menu_order":0,"comment_status":"closed","ping_status":"closed","template":"","meta":{"footnotes":""},"class_list":["post-246","page","type-page","status-publish","hentry"],"_links":{"self":[{"href":"https:\/\/www.grass-consulting.com\/index.php?rest_route=\/wp\/v2\/pages\/246","targetHints":{"allow":["GET"]}}],"collection":[{"href":"https:\/\/www.grass-consulting.com\/index.php?rest_route=\/wp\/v2\/pages"}],"about":[{"href":"https:\/\/www.grass-consulting.com\/index.php?rest_route=\/wp\/v2\/types\/page"}],"author":[{"embeddable":true,"href":"https:\/\/www.grass-consulting.com\/index.php?rest_route=\/wp\/v2\/users\/1"}],"replies":[{"embeddable":true,"href":"https:\/\/www.grass-consulting.com\/index.php?rest_route=%2Fwp%2Fv2%2Fcomments&post=246"}],"version-history":[{"count":10,"href":"https:\/\/www.grass-consulting.com\/index.php?rest_route=\/wp\/v2\/pages\/246\/revisions"}],"predecessor-version":[{"id":292,"href":"https:\/\/www.grass-consulting.com\/index.php?rest_route=\/wp\/v2\/pages\/246\/revisions\/292"}],"wp:attachment":[{"href":"https:\/\/www.grass-consulting.com\/index.php?rest_route=%2Fwp%2Fv2%2Fmedia&parent=246"}],"curies":[{"name":"wp","href":"https:\/\/api.w.org\/{rel}","templated":true}]}}