{"id":223,"date":"2018-03-21T11:32:11","date_gmt":"2018-03-21T11:32:11","guid":{"rendered":"http:\/\/www.grass-consulting.com\/?page_id=223"},"modified":"2018-06-01T08:02:46","modified_gmt":"2018-06-01T08:02:46","slug":"referenzen","status":"publish","type":"page","link":"https:\/\/www.grass-consulting.com\/?page_id=223","title":{"rendered":"Referenzen"},"content":{"rendered":"<div  style='padding-bottom:10px; ' class='av-special-heading av-special-heading-h1    avia-builder-el-0  el_before_av_textblock  avia-builder-el-first  '><h1 class='av-special-heading-tag '  itemprop=\"headline\"  >Referenzen<\/h1><div class='special-heading-border'><div class='special-heading-inner-border' ><\/div><\/div><\/div>\n<section class=\"av_textblock_section \"  itemscope=\"itemscope\" itemtype=\"https:\/\/schema.org\/CreativeWork\" ><div class='avia_textblock  '   itemprop=\"text\" ><p>Telehouse Deutschland GmbH,\u00a0<a title=\"Telehouse Deutschland GmbH\" href=\"http:\/\/telehouse-rechenzentrum.de\/\">Dr. B\u00e9la Waldhauser<\/a>, CEO<\/p>\n<blockquote>\n<p>Monika Gra\u00df ist eine der aktivsten Vertreter (mir f\u00e4llt kein besseres Wort ein) in der deutschen Rechenzentrumsbranche. Neben Ihrer vielf\u00e4ltigen Beratungst\u00e4tigkeit hat Sie den\u00a0<a title=\"ecoTrialog\" href=\"http:\/\/www.grass-cm.de\/portfolio\/case-1\/\">ecoTrialog\u00a0<\/a>gegr\u00fcndet, ist mehrfaches Jurymitglied f\u00fcr DataCentre Awards und auf allen namhaften Rechenzentrumsveranstaltungen in Deutschland vertreten. Das 2014 von ihr ver\u00f6ffentlichte DCIM Whitepaper hat bundesweit ein gro\u00dfes Echo hervorgerufen. Ihre hohe Fachkompetenz \u2013 verbunden mit einem unschlagbaren Netzwerk \u2013 machen Monika zu einer wertvollen Gespr\u00e4chstpartnerin in dieser lebendigen Branche.<\/p>\n<\/blockquote>\n<\/div><\/section>\n<div   class='hr hr-default   avia-builder-el-2  el_after_av_textblock  el_before_av_textblock '><span class='hr-inner ' ><span class='hr-inner-style'><\/span><\/span><\/div>\n<section class=\"av_textblock_section \"  itemscope=\"itemscope\" itemtype=\"https:\/\/schema.org\/CreativeWork\" ><div class='avia_textblock  '   itemprop=\"text\" ><p>ACO Rechenzentrum mit professionellen Colocation-Fl\u00e4chen,\u00a0<a title=\"ACO Rechenzentrum\" href=\"http:\/\/arco-rz.com\/\">Michael K\u00e4cker<\/a>, Leiter<\/p>\n<blockquote>\n<p>Wer Monika Gra\u00df zum ersten Mal begegnet, bemerkt sofort ihre offene und kommunikative Art, die sehr sympathisch r\u00fcberkommt. Bei der zweiten Begegnung erkennt man dann den beruflichen Background, der u. a. auf einer enormen Vernetzung der Gesch\u00e4ftsbeziehungen beruht. Jede weitere Begegnung ist dann eine Zusammenarbeit mit einer erfahrenen, verl\u00e4sslichen und professionellen Gesch\u00e4ftspartnerin. In meinem Job als Leiter des ACO Rechenzentrums alles Eigenschaften, die ich sehr sch\u00e4tze.<\/p>\n<\/blockquote>\n<\/div><\/section>\n<div   class='hr hr-default   avia-builder-el-4  el_after_av_textblock  el_before_av_textblock '><span class='hr-inner ' ><span class='hr-inner-style'><\/span><\/span><\/div>\n<section class=\"av_textblock_section \"  itemscope=\"itemscope\" itemtype=\"https:\/\/schema.org\/CreativeWork\" ><div class='avia_textblock  '   itemprop=\"text\" ><p>D\u00dcRR\\RZ, IT-R\u00e4ume und Rechenzentren,\u00a0<a title=\"D\u00fcrr IT-R\u00e4ume und Rechenzentren\" href=\"http:\/\/duerr-rz.de\/\">Bernd D\u00fcrr<\/a><\/p>\n<blockquote>\n<p>Die Zusammenarbeit mit Monika Gra\u00df war von Anfang an gepr\u00e4gt von gro\u00dfer Sympathie, tiefer Wertsch\u00e4tzung und gegenseitiger optimaler Erg\u00e4nzung. Mit ihrer schwungvollen, offenen, kommunikativen und vertrauensvollen Art steuert sie von Anfang an zielstrebig auf die zu erreichenden Aufgaben zu und erf\u00fcllt sie mit Bravour.<br \/>\nIhre exzellente fachliche Kompetenz, ihr tiefgreifendes Wissen \u00fcber den RZ-Markt in Deutschland, Europa und der Welt sowie ihre weitreichenden Kontakte in der Branche und dar\u00fcber hinaus sind von unsch\u00e4tzbarem Wert.<br \/>\nSowohl menschlich als auch fachlich ist sie eine unbezahlbare Bereicherung in meinem Leben und ich bin dankbar, den Weg zu ihr und mit ihr gefunden zu haben. Ich hoffe sehr, dass unsere Zusammenarbeit noch lange andauert und wir noch sehr viele Gl\u00fccksmomente und Erfolge erleben d\u00fcrfen.<\/p>\n<\/blockquote>\n<\/div><\/section>\n<div   class='hr hr-default   avia-builder-el-6  el_after_av_textblock  el_before_av_textblock '><span class='hr-inner ' ><span class='hr-inner-style'><\/span><\/span><\/div>\n<section class=\"av_textblock_section \"  itemscope=\"itemscope\" itemtype=\"https:\/\/schema.org\/CreativeWork\" ><div class='avia_textblock  '   itemprop=\"text\" ><p>arvato Systems GmbH,\u00a0<a title=\"arvato Systems GmbH\" href=\"http:\/\/arvato-systems.de\/\">Jesko Jacobs<\/a>, Senior Manager Data Center<\/p>\n<blockquote>\n<p>Monika Gra\u00df ber\u00e4t uns rund um das Thema Data Center. Neben ihrem exzellenten Fachwissen und aktuellen Marktkenntnissen sch\u00e4tzen wir dabei vor allem ihre unkonventionelle\u00a0Art der Zusammenarbeit. Mit einer kooperativen, aber immer sehr professionellen und l\u00f6sungsorientierten Herangehensweise schafft sie es, zu begeistern und Projekte in die richtige Richtung zu lenken. So hat sich eine langj\u00e4hrige, zuverl\u00e4ssige Partnerschaft entwickelt.<\/p>\n<\/blockquote>\n<\/div><\/section>\n<div   class='hr hr-default   avia-builder-el-8  el_after_av_textblock  el_before_av_textblock '><span class='hr-inner ' ><span class='hr-inner-style'><\/span><\/span><\/div>\n<section class=\"av_textblock_section \"  itemscope=\"itemscope\" itemtype=\"https:\/\/schema.org\/CreativeWork\" ><div class='avia_textblock  '   itemprop=\"text\" ><p>Notstromtechnik-Clasen GmbH,\u00a0<a title=\"ntc GmbH\" href=\"http:\/\/www.ntc-gmbh.com\/\">Klaus Clasen<\/a>, Gesch\u00e4ftsf\u00fchrer<\/p>\n<blockquote>\n<p>Wenn herausragendes Fachwissen und aktuelle RZ-Branchenkenntnisse auf jahrelanges Know-how treffen, wenn offene Kommunikation und Direktheit sich mit einem kaum zu bremsenden Aktionismus paaren \u2013 dann sprechen wir von Monika Gra\u00df. Als Gesch\u00e4ftsf\u00fchrer der Notstromtechnik-Clasen GmbH sch\u00e4tze ich ihre Arbeit sehr. In den letzten Jahren konnten wir gemeinsam mit Monika Gra\u00df zahlreiche Veranstaltungen erfolgreich durchf\u00fchren. Dar\u00fcber hinaus erhielten wir tatkr\u00e4ftige Unterst\u00fctzung bei der Vernetzung von Gesch\u00e4ftsbeziehungen, von welchen wir noch heute profitieren..<\/p>\n<\/blockquote>\n<\/div><\/section>\n","protected":false},"excerpt":{"rendered":"","protected":false},"author":1,"featured_media":0,"parent":0,"menu_order":0,"comment_status":"closed","ping_status":"closed","template":"","meta":{"footnotes":""},"class_list":["post-223","page","type-page","status-publish","hentry"],"_links":{"self":[{"href":"https:\/\/www.grass-consulting.com\/index.php?rest_route=\/wp\/v2\/pages\/223","targetHints":{"allow":["GET"]}}],"collection":[{"href":"https:\/\/www.grass-consulting.com\/index.php?rest_route=\/wp\/v2\/pages"}],"about":[{"href":"https:\/\/www.grass-consulting.com\/index.php?rest_route=\/wp\/v2\/types\/page"}],"author":[{"embeddable":true,"href":"https:\/\/www.grass-consulting.com\/index.php?rest_route=\/wp\/v2\/users\/1"}],"replies":[{"embeddable":true,"href":"https:\/\/www.grass-consulting.com\/index.php?rest_route=%2Fwp%2Fv2%2Fcomments&post=223"}],"version-history":[{"count":12,"href":"https:\/\/www.grass-consulting.com\/index.php?rest_route=\/wp\/v2\/pages\/223\/revisions"}],"predecessor-version":[{"id":290,"href":"https:\/\/www.grass-consulting.com\/index.php?rest_route=\/wp\/v2\/pages\/223\/revisions\/290"}],"wp:attachment":[{"href":"https:\/\/www.grass-consulting.com\/index.php?rest_route=%2Fwp%2Fv2%2Fmedia&parent=223"}],"curies":[{"name":"wp","href":"https:\/\/api.w.org\/{rel}","templated":true}]}}